visor of 312 and 496548.
156
What is the highest common factor of 49362 and 114?
114
Calculate the greatest common divisor of 4 and 207596.
4
Calculate the greatest common factor of 1012973 and 67.
67
Calculate the greatest common divisor of 11 and 146630.
11
What is the greatest common divisor of 283662 and 15450?
618
What is the highest common factor of 106 and 16960?
106
What is the highest common factor of 2678618 and 1648?
206
What is the greatest common divisor of 29988 and 9758?
238
What is the greatest common divisor of 1 and 74353?
1
What is the greatest common factor of 323703 and 76?
19
Calculate the highest common divisor of 572 and 13312.
52
Calculate the greatest common divisor of 1092 and 44436.
84
Calculate the greatest common divisor of 55 and 97339.
11
What is the greatest common divisor of 665 and 1273?
19
Calculate the greatest common factor of 5330423 and 7.
7
What is the highest common divisor of 48 and 338992?
16
What is the greatest common divisor of 50532 and 36?
12
Calculate the greatest common factor of 92 and 23506.
46
What is the greatest common divisor of 2086 and 9072?
14
What is the highest common divisor of 3646 and 72?
2
Calculate the greatest common divisor of 1648 and 6416.
16
What is the greatest common divisor of 377704 and 13707?
1523
What is the highest common factor of 874862 and 61?
61
What is the greatest common factor of 18 and 4974174?
18
What is the greatest common divisor of 192 and 1070304?
96
Calculate the highest common factor of 132 and 84.
12
What is the greatest common factor of 336 and 121737?
21
What is the highest common divisor of 162550 and 50?
50
Calculate the greatest common factor of 135 and 47035.
5
Calculate the highest common divisor of 24263 and 95.
19
Calculate the greatest common divisor of 2401 and 56.
7
What is the highest common divisor of 23712 and 2888?
152
Calculate the greatest common factor of 848 and 379480.
424
What is the greatest common divisor of 39 and 570678?
3
What is the highest common divisor of 1925 and 558745?
55
What is the greatest common factor of 40 and 126310?
10
Calculate the highest common factor of 451750 and 834.
278
Calculate the highest common divisor of 1079150 and 125.
25
What is the greatest common divisor of 24 and 108012?
12
Calculate the highest common factor of 279123 and 208.
13
Calculate the highest common factor of 1200640 and 224.
224
Calculate the greatest common factor of 8433 and 24.
3
What is the greatest common divisor of 954 and 1484742?
318
Calculate the greatest common factor of 645685 and 1095.
365
What is the highest common divisor of 66 and 1050005?
11
Calculate the greatest common divisor of 369 and 8822790.
369
What is the greatest common divisor of 7876 and 638?
22
Calculate the greatest common factor of 1496612 and 153.
17
Calculate the highest common factor of 74072 and 376.
376
What is the greatest common divisor of 149625 and 900?
225
What is the greatest common divisor of 228 and 279452?
76
What is the highest common divisor of 31 and 74927?
31
Calculate the highest common factor of 427446 and 504.
18
What is the greatest common factor of 902 and 6628798?
902
Calculate the highest common factor of 9552 and 144.
48
What is the greatest common factor of 77882 and 14?
14
What is the greatest common divisor of 145075 and 175?
175
What is the greatest common factor of 71 and 1516205?
71
What is the highest common divisor of 165655 and 35?
35
What is the greatest common factor of 152507 and 68?
17
What is the highest common factor of 147972 and 228?
228
What is the highest common factor of 1 and 93077?
1
Calculate the highest common factor of 54720 and 560.
80
What is the greatest common factor of 10374 and 3612?
42
What is the highest common factor of 7300 and 32?
4
What is the greatest common divisor of 101130 and 30?
30
Calculate the highest common divisor of 242947 and 93.
31
What is the highest common divisor of 292 and 136802?
146
What is the greatest common divisor of 145 and 369953?
29
Calculate the greatest common divisor of 171 and 402553.
19
Calculate the greatest common divisor of 22 and 397298.
22
What is the greatest common divisor of 40868 and 544?
68
Calculate the highest common factor of 9375 and 23025.
75
What is the highest common factor of 50752 and 1872?
208
What is the highest common factor of 1200 and 10050?
150
Calculate the greatest common divisor of 13122 and 838350.
1458
Calculate the highest common factor of 20 and 529780.
20
Calculate the greatest common divisor of 7710 and 72030.
30
What is the greatest common factor of 65 and 815?
5
What is the highest common divisor of 4920 and 40385?
205
Calculate the highest common factor of 249680 and 2480.
80
Calculate the greatest common divisor of 1575 and 23520.
105
Calculate the greatest common divisor of 780 and 66235.
65
What is the highest common factor of 81 and 9798?
3
What is the highest common divisor of 2100 and 10675?
175
What is the highest common factor of 4182 and 1173?
51
What is the greatest common divisor of 8523 and 324?
9
What is the greatest common divisor of 18 and 107847?
9
What is the greatest common factor of 470611 and 1615?
323
What is the highest common divisor of 300 and 53280?
60
What is the highest common factor of 574177 and 781?
71
Calculate the highest common factor of 32412 and 1110.
222
What is the highest common factor of 9671 and 2869?
19
What is the greatest common factor of 32008 and 448?
8
Calculate the highest common divisor of 434445 and 22.
11
Calculate the highest common divisor of 320995 and 3870.
215
Calculate the highest common divisor of 225522 and 10854.
1206
Calculate the greatest common factor of 228 and 4446.
114
Calculate the highest common divisor of 2380 and 739704.
476
What is the greatest common divisor of 2509282 and 862?
862
What is the highest common divisor of 172 and 15437?
43
What is the highest common divisor of 339 and 195?
3
What is the greatest common divisor of 34 and 4468?
2
What is the highest common factor of 102 and 480?
6
What is the greatest common factor of 91 and 283262?
7
Calculate the highest common factor of 336 and 13920.
48
Calculate the highest common divisor of 23595 and 2925.
195
Calculate the greatest common factor of 37070 and 275.
55
What is the highest common divisor of 2468394 and 54?
54
Calculate the highest common factor of 1440 and 23280.
240
Calculate the greatest common divisor of 131428 and 3708.
412
Calculate the greatest common factor of 37658 and 3002.
38
Calculate the greatest common divisor of 2319 and 364856.
773
Calculate the highest common factor of 214989 and 12.
3
Calculate the greatest common divisor of 2070 and 699591.
69
Calculate the greatest common factor of 807 and 2241039.
807
Calculate the highest common divisor of 5213 and 18045.
401
What is the greatest common factor of 6899362 and 766?
766
Calculate the greatest common factor of 171323 and 589.
19
What is the highest common factor of 92938 and 310?
62
Calculate the greatest common divisor of 644 and 2968.
28
Calculate the highest common divisor of 72 and 477.
9
What is the greatest common factor of 11004 and 38736?
12
What is the highest common factor of 141 and 2531796?
141
What is the greatest common factor of 100 and 1780?
20
What is the greatest common divisor of 4357281 and 69?
69
Calculate the highest common divisor of 794388 and 3474.
1158
What is the greatest common factor of 20900 and 24244?
836
Calculate the highest common divisor of 104584 and 272.
136
Calculate the highest common divisor of 35552 and 17248.
352
Calculate the highest common divisor of 53543 and 35.
7
What is the greatest common factor of 392 and 928?
8
What is the highest common factor of 47628 and 3332?
196
What is the highest common divisor of 146864 and 8442?
134
What is the highest common factor of 221 and 745433?
221
Calculate the greatest common divisor of 937984 and 2519.
229
Calculate the highest common factor of 44969 and 579.
193
Calculate the greatest common factor of 384 and 26688.
192
Calculate the highest common divisor of 133 and 68509.
7
What is the greatest common factor of 18928 and 6496?
112
What is the greatest common factor of 222928 and 32?
16
What is the greatest common factor of 6078